What is the remainder when 1165 is divided by 268?
93
What is the remainder when 369414 is divided by 61?
59
Calculate the remainder when 1575 is divided by 221.
28
Calculate the remainder when 2919 is divided by 2819.
100
Calculate the remainder when 75167 is divided by 116.
115
Calculate the remainder when 780073 is divided by 225.
223
What is the remainder when 26157 is divided by 26136?
21
Calculate the remainder when 12267 is divided by 727.
635
Calculate the remainder when 11254 is divided by 1406.
6
Calculate the remainder when 171910 is divided by 851.
8
What is the remainder when 154687 is divided by 77342?
3
What is the remainder when 40550 is divided by 107?
104
Calculate the remainder when 4154 is divided by 299.
267
What is the remainder when 1157 is divided by 413?
331
Calculate the remainder when 38831 is divided by 12939.
14
What is the remainder when 245028 is divided by 866?
816
What is the remainder when 11579 is divided by 643?
5
What is the remainder when 6235283 is divided by 358?
355
Calculate the remainder when 7543 is divided by 1467.
208
What is the remainder when 19661 is divided by 252?
5
Calculate the remainder when 17996 is divided by 70.
6
What is the remainder when 104455 is divided by 2089?
5
Calculate the remainder when 9657 is divided by 73.
21
Calculate the remainder when 457710 is divided by 131.
127
What is the remainder when 455941 is divided by 19?
17
Calculate the remainder when 12263 is divided by 2096.
1783
What is the remainder when 8889 is divided by 14?
13
Calculate the remainder when 27211 is divided by 63.
58
What is the remainder when 16456 is divided by 15?
1
Calculate the remainder when 3315 is divided by 60.
15
What is the remainder when 4458 is divided by 1474?
36
What is the remainder when 1715 is divided by 39?
38
What is the remainder when 7621 is divided by 2900?
1821
What is the remainder when 36482 is divided by 663?
17
Calculate the remainder when 8577 is divided by 204.
9
Calculate the remainder when 7100 is divided by 54.
26
What is the remainder when 3198 is divided by 91?
13
What is the remainder when 39740 is divided by 19864?
12
Calculate the remainder when 2839 is divided by 49.
46
What is the remainder when 4094 is divided by 57?
47
What is the remainder when 2819 is divided by 1236?
347
Calculate the remainder when 42619 is divided by 148.
143
What is the remainder when 71774 is divided by 87?
86
Calculate the remainder when 30090 is divided by 114.
108
Calculate the remainder when 8342 is divided by 23.
16
What is the remainder when 2298 is divided by 29?
7
Calculate the remainder when 824165 is divided by 14.
13
What is the remainder when 126332 is divided by 123?
11
Calculate the remainder when 110325 is divided by 118.
113
Calculate the remainder when 281925 is divided by 381.
366
Calculate the remainder when 33783 is divided by 29.
27
Calculate the remainder when 700 is divided by 136.
20
Calculate the remainder when 9469 is divided by 190.
159
Calculate the remainder when 1842389 is divided by 230297.
13
Calculate the remainder when 730291 is divided by 133.
121
What is the remainder when 37964 is divided by 15?
14
Calculate the remainder when 656148 is divided by 337.
9
What is the remainder when 121772 is divided by 16?
12
Calculate the remainder when 6709 is divided by 841.
822
What is the remainder when 18936 is divided by 110?
16
Calculate the remainder when 15979 is divided by 81.
22
What is the remainder when 1048 is divided by 209?
3
Calculate the remainder when 186214 is divided by 151.
31
What is the remainder when 7047 is divided by 108?
27
Calculate the remainder when 20940 is divided by 6970.
30
What is the remainder when 49246 is divided by 16411?
13
Calculate the remainder when 20829 is divided by 10399.
31
Calculate the remainder when 1908 is divided by 231.
60
What is the remainder when 4257 is divided by 214?
191
Calculate the remainder when 36467 is divided by 32.
19
Calculate the remainder when 18632 is divided by 352.
328
What is the remainder when 12093 is divided by 216?
213
What is the remainder when 1895 is divided by 467?
27
What is the remainder when 83403 is divided by 49?
5
Calculate the remainder when 366 is divided by 44.
14
What is the remainder when 93323 is divided by 462?
461
What is the remainder when 17611 is divided by 110?
11
What is the remainder when 818 is divided by 813?
5
Calculate the remainder when 129275 is divided by 756.
755
Calculate the remainder when 9270 is divided by 33.
30
What is the remainder when 58580 is divided by 371?
333
Calculate the remainder when 101656 is divided by 84.
16
Calculate the remainder when 1859173 is divided by 15.
13
What is the remainder when 2841910 is divided by 1062?
1060
Calculate the remainder when 17481 is divided by 4359.
45
What is the remainder when 10251 is divided by 732?
3
What is the remainder when 15224 is divided by 132?
44
What is the remainder when 18346 is divided by 59?
56
Calculate the remainder when 9386 is divided by 3017.
335
What is the remainder when 20672 is divided by 98?
92
Calculate the remainder when 23358 is divided by 458.
0
Calculate the remainder when 983 is divided by 229.
67
What is the remainder when 43403 is divided by 88?
19
What is the remainder when 99382 is divided by 469?
423
Calculate the remainder when 4400 is divided by 67.
45
Calculate the remainder when 3210 is divided by 64.
10
Calculate the remainder when 314162 is divided by 42.
2
What is the remainder when 469 is divided by 48?
37
Calculate the remainder when 1049 is divided by 832.
217
What is the remainder when 246791 is divided by 44?
39
Calculate the remainder when 1194 is divided by 1140.
54
What is the remainder when 43853 is divided by 14?
5
Calculate the remainder when 67195 is divided by 67186.
9
What is the remainder when 44699 is divided by 207?
194
What is the remainder when 2259 is divided by 35?
19
Calculate the remainder when 5840 is divided by 63.
44
Calculate the remainder when 7725 is divided by 74.
29
Calculate the remainder when 1397 is divided by 1321.
76
Calculate the remainder when 3676 is divided by 63.
22
What is the remainder when 775 is divided by 232?
79
Calculate the remainder when 479926 is divided by 24.
22
Calculate the remainder when 11389 is divided by 1035.
4
What is the remainder when 8567 is divided by 102?
101
What is the remainder when 76967 is divided by 153?
8
Calculate the remainder when 691 is divided by 652.
39
Calculate the remainder when 250928 is divided by 15683.
0
Calculate the remainder when 95315 is divided by 282.
281
What is the remainder when 23826 is divided by 4763?
11
What is the remainder when 103827 is divided by 12977?
11
What is the remainder when 120467 is divided by 296?
291
What is the remainder when 24939 is divided by 212?
135
What is the remainder when 17428 is divided by 2904?
4
What is the remainder when 887 is divided by 878?
9
Calculate the remainder when 80336 is divided by 260.
256
What is the remainder when 5667 is divided by 12?
3
What is the remainder when 9760 is divided by 11?
3
Calculate the remainder when 1240 is divided by 32.
24
Calculate the remainder when 82 is divided by 24.
10
Calculate the remainder when 13011 is divided by 2598.
21
Calculate the remainder when 1634965 is divided by 17.
7
What is the remainder when 166306 is divided by 82?
10
What is the remainder when 48350 is divided by 119?
36
What is the remainder when 43622 is divided by 41?
39
Calculate the remainder when 2782 is divided by 1367.
48
Calculate the remainder when 76140 is divided by 16.
12
What is the remainder when 4165 is divided by 1256?
397
Calculate the remainder when 10424 is divided by 204.
20
What is the remainder when 383 is divided by 349?
34
Calculate the remainder when 318208 is divided by 69.
49
What is the remainder when 3598 is divided by 36?
34
Calculate the remainder when 5979 is divided by 592.
59
What is the remainder when 31954 is divided by 142?
4
What is the remainder when 1055 is divided by 360?
335
Calculate the remainder when 34367 is divided by 179.
178
Calculate the remainder when 561 is divided by 142.
135
What is the remainder when 40036 is divided by 27?
22
Calculate the remainder when 6351 is divide